 and 1?
1
Suppose -j = -22 - 11. Let h(c) = 3*c**2 + 2*c + 1. Let y be h(-3). What is the greatest common factor of j and y?
11
Let c(m) = m**2 - m + 4. Let b be c(-3). Calculate the greatest common factor of 2 and b.
2
Let d(u) = -u**3 - 8*u**2 + 29*u - 14. Let p be d(-11). Calculate the highest common factor of 225 and p.
15
Let p be 2/6 + (-28704)/(-72). What is the highest common factor of 57 and p?
57
Let g be (-4)/((-12)/(-45))*-1. Calculate the greatest common divisor of 15 and g.
15
Let m = -1 - -16. What is the highest common divisor of m and 60?
15
Let x = -2 + 4. Let o be 2 + (-104)/x + 2. Let m be 3 - 4 - (o + -1). What is the greatest common factor of 6 and m?
6
Suppose -38 = -6*g + 58. Calculate the greatest common divisor of g and 32.
16
Let v(d) = 5*d**2 - 5*d - 1. Let q(x) = 9*x**2 + x - 1. Let f be q(1). Let k = -4 + f. Let m be v(k). Calculate the highest common divisor of m and 9.
9
Let m be 8/12 - 58/(-3). Suppose 0*c + c = b - 8, -4*c = 0. Calculate the highest common divisor of m and b.
4
Let l(g) = -g**3 - 4*g**2 + 9*g + 8. Let b be l(-8). Let n(d) = d + 2. Let v be n(2). Suppose 0*h = -v*h + b. What is the highest common factor of h and 8?
8
Suppose -2*b + 8*b - 54 = 0. What is the highest common divisor of 3 and b?
3
Suppose 0 = -3*k - f + 23, -5*f + 2 = -k - 1. Let j = -2 + k. Suppose -q + 2*l - 4*l + 20 = 0, j*q + l = 73. What is the highest common divisor of 7 and q?
7
Let q(b) = -b**2 + 12*b - 15. Let a be q(8). What is the greatest common divisor of a and 187?
17
Let o = -7 + 11. Suppose -3*f = 2*k - 1 + 5, 0 = -k + 4*f + 20. What is the greatest common factor of o and k?
4
Suppose n - 1 = 9. Let l(s) = 1. Let h(f) = -14*f + 12. Let o(q) = -h(q) + 4*l(q). Let g be o(7). What is the highest common factor of n and g?
10
Suppose u - 2*p = 104, u + 5*p = 39 + 44. Calculate the greatest common divisor of u and 14.
14
Suppose 0*y - y = p - 10, -4*y = -4*p + 80. What is the greatest common divisor of p and 6?
3
Let a be (-41)/(-2) - (-30)/20. What is the greatest common factor of a and 22?
22
Let m(y) = y**3 - 5*y + 3*y - 5 - 7*y**2 + 4*y. Let j be m(7). Let b = 2 + 7. Calculate the highest common divisor of b and j.
9
Suppose 2*l - 3 = 21. Suppose 4*d - l = 0, a + 2*d - 201 = -4*a. Calculate the highest common factor of a and 13.
13
Let y(s) = s**3 - 15*s**2 + 16*s - 16. Let k be y(14). Suppose 0 = 2*o - 72 - 120. Calculate the greatest common divisor of o and k.
12
Let g be (-238)/(-18) + (-2)/9. Suppose 5*m - 538 = -213. Calculate the greatest common factor of m and g.
13
Let g be (-1 + 164/(-8))*-2. Let f = g + -22. Calculate the highest common factor of 7 and f.
7
Let x(b) = -21*b**3 + b**2 - 6*b - 6. Let y be x(-1). What is the highest common divisor of y and 33?
11
Let f = 13 + 5. Suppose -4*w = 3*o - 32, -o + 20*w + 17 = 15*w. What is the highest common factor of o and f?
6
Suppose -5*u + 4*l + 32 = 0, 5*l = -4*u + 3*u - 11. What is the highest common factor of 4 and u?
4
Suppose -3 + 12 = 3*n. Let c(i) be the first derivative of -i**2/2 + 3*i - 2. Let w be c(0). Calculate the greatest common divisor of w and n.
3
Suppose -23 = 4*j - 223. What is the highest common factor of 150 and j?
50
Let r(p) = -p**2 - 5*p + 3. Let i be r(-5). Suppose 0 = i*t + t - 72. What is the highest common divisor of 162 and t?
18
Suppose -161 = -4*y + t, 3*t + 56 + 107 = 4*y. Let n = y - 2. Let u = n + -23. Calculate the greatest common divisor of 5 and u.
5
Let g be ((-2)/3*-6)/((-14)/(-42)). What is the greatest common divisor of 30 and g?
6
Let v be (-277)/4 - (-4)/16. Let y be v/(-9) - (-10)/(-15). Calculate the highest common factor of y and 63.
7
Let p be (99/(-2))/(-3)*2. Let m = 5 - 3. Suppose 0 = -m*y + 5 + 1. Calculate the highest common factor of p and y.
3
Suppose 33 = z - 3*s - 2, 0 = -4*z - 2*s + 140. What is the highest common factor of z and 7?
7
Let q(x) = -x + 12. Let w be q(10). Suppose w*f = -2*f + 20. What is the greatest common factor of f and 55?
5
Let k(o) = 2*o**2 - 10*o + 2. Let w be k(5). Calculate the highest common factor of 1 and w.
1
Suppose -8*n + 3*n + 85 = 0. What is the greatest common factor of n and 51?
17
Let s = -5 - -15. Let r(u) = u**2 + 8*u + 3. Let q be r(-7). Let z be (s/(-8))/(q/64). Calculate the highest common factor of 8 and z.
4
Suppose 2*x - 18 = -2*i + 6, 0 = -x - 4*i. Calculate the greatest common divisor of 4 and x.
4
Let x = 20 + -18. Suppose -8 = -x*t + 4. Calculate the greatest common factor of 9 and t.
3
Let h = 22 - 41. Let u = h - -27. Let k be u/((-6)/(-45)*3). Calculate the greatest common divisor of 8 and k.
4
Let l = -41 - -71. Suppose -95 = -5*o - 0*o - 5*u, 2*u = 5*o - 88. Let y = l - o. Calculate the highest common divisor of 6 and y.
6
Let y(p) = -2*p - 3. Let i be y(-2). Calculate the highest common divisor of i and 8.
1
Let s be ((-9)/(-6))/(3/14). What is the highest common factor of 35 and s?
7
Let m(n) = n**2 + 3*n + 5. Suppose 2*o = -3*o + 15. Suppose 3*j = 12 + o. Let b be m(j). What is the greatest common divisor of b and 18?
9
Suppose -4*v - 40 = -2*j - 2*v, -v = -3*j + 56. Let h be (-1 + -1)*(-4)/8. Let a = h - -5. Calculate the highest common factor of j and a.
6
Let l = -7 + 37. What is the greatest common divisor of 45 and l?
15
Let p be (-70)/21*12/(-10). Let q be p/6 - 1146/(-9). What is the greatest common factor of q and 16?
16
Let d = 51 + -27. Let m(x) = 15*x**2 - 7*x + 4. Let z be m(4). Calculate the greatest common divisor of z and d.
24
Let t = 9 + -15. Let r(l) be the second derivative of -l**4/12 - 11*l**3/6 - 3*l. Let q be r(t). Calculate the highest common factor of 12 and q.
6
Suppose 2*i + 10 = 0, 4*l + 3*i + 5 = 90. Suppose -2 = -4*h + 38. Calculate the highest common divisor of l and h.
5
Let i(g) = 15*g - 2. Let p be i(1). Calculate the highest common factor of p and 104.
13
Let o(x) = -x**2 + 20*x - 44. Let t be o(14). What is the greatest common factor of 60 and t?
20
Let l = 3 - 1. Suppose -s - 36 = -2*x, -2*x + 44 = -l*s + 10. Calculate the highest common divisor of 152 and x.
19
Let u(g) = g**2 - g - 5. Let t be u(-4). Let v = 10 + -5. What is the greatest common divisor of v and t?
5
Suppose 0 = 2*n - 53 - 3. What is the highest common divisor of n and 4?
4
Let o be 52/20 - 2/(-5). Let t be (6 - 2)/(-4) - -3. Suppose -6*r + 2*r = 2*k - 28, -2*r + o*k - t = 0. What is the greatest common divisor of r and 40?
5
Let o(v) = -22*v. Let x be o(-3). Let g = 85 - 53. Suppose -4*s + 2*y = -2*y - g, 5*s + y - 28 = 0. Calculate the highest common divisor of x and s.
6
Let t = 3 + -2. Let x be t/4 - (-164)/(-16). Let h be (-252)/(-20) - (-6)/x. Calculate the greatest common divisor of h and 24.
12
Let j = 36 - 14. Calculate the highest common divisor of 2 and j.
2
Suppose o - 12 - 8 = 0. Suppose o + 17 = v. Let t = 3 + v. Calculate the greatest common divisor of 8 and t.
8
Suppose -3*o + 259 = -146. Calculate the greatest common divisor of 15 and o.
15
Suppose -4 = k - 0. Let b be 1/k - (-1825)/20. What is the highest common factor of 13 and b?
13
Suppose -3*z = 4*s - 274, -5*z = -4*z + 5*s - 95. Suppose -7*q = -5*q - 20. Calculate the greatest common factor of q and z.
10
Let i be 24/10*(2 - (-14)/3). Calculate the highest common divisor of i and 72.
8
Suppose 39 = -3*r + 6*r + 4*m, 65 = 5*r + 2*m. Let g = -6 - -9. Suppose 2*q + 5*v + 11 = g*q, 0 = -q - 2*v + 32. What is the greatest common factor of q and r?
13
Suppose 2*a - 8*a = -306. Calculate the greatest common divisor of a and 17.
17
Let z(i) = 16*i + 6. Let t be z(5). Suppose -2*h + 3*x = -58 - t, -2*h + 134 = 2*x. What is the highest common factor of 46 and h?
23
Let r(h) = h**3 - 4*h**2 + h + 1. Let c be r(4). Suppose -22 = -2*a + 2*q - 0*q, -c*a + 34 = 2*q. Calculate the greatest common divisor of 12 and a.
4
Let a be 1 - (0 + -2*1). Let l(h) = 4*h**2 + 4*h + 7. Let z be l(-2). What is the greatest common divisor of a and z?
3
Let n = 53 + -82. Let m = n + 74. Calculate the highest common divisor of 18 and m.
9
Suppose t - 2 = 5. Calculate the greatest common divisor of t and 1.
1
Let d(t) = t**3 + 3*t**2 - 2*t. Let k be d(-3). Let z be (-126)/3*2/(-2). Calculate the highest common factor of z and k.
6
Suppose -3*i = 2*w - w - 98, -5*w + 170 = 5*i. Let v be -5*i/10*-2. What is